mber?
False
Is 658543 a composite number?
True
Is 17729 a composite number?
False
Is 558401 a prime number?
True
Is 48449 composite?
False
Is 358351 composite?
True
Is 202898 composite?
True
Is 488069 composite?
False
Is 6037 a prime number?
True
Is 112341 composite?
True
Is 3941 a prime number?
False
Is 70157 prime?
True
Is 7439 a composite number?
True
Is 133139 a composite number?
True
Is 2059 prime?
False
Is 2267 a prime number?
True
Is 9565 a prime number?
False
Is 63299 a prime number?
True
Is 1559 a prime number?
True
Is 621263 prime?
False
Is 32083 a prime number?
True
Is 95379 a composite number?
True
Is 708971 composite?
True
Is 412663 a prime number?
True
Is 122065 prime?
False
Is 42469 prime?
False
Is 11203 a prime number?
False
Is 328249 a prime number?
True
Is 41171 a composite number?
True
Is 72421 a composite number?
False
Is 209431 composite?
False
Is 20191 prime?
False
Is 2965 a prime number?
False
Is 61331 a prime number?
True
Is 280103 composite?
False
Is 157721 composite?
False
Is 158519 a composite number?
False
Is 537991 a composite number?
False
Is 144086 composite?
True
Is 30449 a composite number?
False
Is 250181 prime?
False
Is 2305 a composite number?
True
Is 41007 a composite number?
True
Is 1441003 a composite number?
True
Is 211313 a composite number?
False
Is 11299 prime?
True
Is 595559 prime?
False
Is 32633 a prime number?
True
Is 284587 prime?
True
Is 28127 prime?
False
Is 39659 a composite number?
False
Is 266947 prime?
True
Is 21467 composite?
False
Is 411883 prime?
True
Is 11839 a composite number?
False
Is 197599 prime?
True
Is 78101 a composite number?
False
Is 6371 a prime number?
False
Is 926341 composite?
True
Is 1038669 prime?
False
Is 1117 a composite number?
False
Is 381167 a composite number?
False
Is 266483 prime?
False
Is 67823 a prime number?
False
Is 288551 composite?
False
Is 15227 composite?
False
Is 4859 prime?
False
Is 30322 a composite number?
True
Is 31883 composite?
False
Is 511 a prime number?
False
Is 7451 a prime number?
True
Is 611371 prime?
False
Is 180617 composite?
False
Is 311939 composite?
True
Is 4241 a prime number?
True
Is 3959 composite?
True
Is 22879 a prime number?
False
Is 32659 composite?
True
Is 8219 prime?
True
Is 52477 prime?
False
Is 1407101 composite?
False
Is 423403 a prime number?
True
Is 73498 composite?
True
Is 1694443 prime?
True
Is 201409 a composite number?
True
Is 997 prime?
True
Is 1559 prime?
True
Is 82457 a composite number?
False
Is 45743 a composite number?
True
Is 9523 prime?
False
Is 6998 prime?
False
Is 65693 a prime number?
False
Is 30089 prime?
True
Is 517 composite?
True
Is 4009 a composite number?
True
Is 462641 a composite number?
False
Is 1077 composite?
True
Is 185773 composite?
True
Is 53231 composite?
False
Is 8059 composite?
False
Is 1808617 composite?
False
Is 7069 composite?
False
Is 6599 a composite number?
False
Is 158959 prime?
True
Is 47973 a prime number?
False
Is 265301 a prime number?
False
Is 863 composite?
False
Is 65761 a prime number?
True
Is 173846 a composite number?
True
Is 38359 a prime number?
False
Is 37307 composite?
False
Is 1008298 composite?
True
Is 2155 a composite number?
True
Is 551111 a composite number?
True
Is 193015 prime?
False
Is 133347 prime?
False
Is 158651 a composite number?
True
Is 26041 a composite number?
False
Is 2609 a prime number?
True
Is 19001 a prime number?
True
Is 14501 a prime number?
False
Is 26557 a prime number?
True
Is 131237 a prime number?
False
Is 4881 a prime number?
False
Is 166099 composite?
False
Is 4586 a prime number?
False
Is 523229 composite?
True
Is 10601 prime?
True
Is 407461 prime?
False
Is 1399 a prime number?
True
Is 5197 composite?
False
Is 18407 prime?
False
Is 8263 a prime number?
True
Is 8573 composite?
False
Is 202903 composite?
True
Is 58129 composite?
False
Is 10079 composite?
False
Is 95993 a prime number?
False
Is 3683 a composite number?
True
Is 655043 prime?
True
Is 26927 prime?
True
Is 14799 composite?
True
Is 162251 prime?
True
Is 16439 a prime number?
False
Is 3587657 composite?
False
Is 429137 composite?
False
Is 34721 a prime number?
True
Is 21683 a prime number?
True
Is 42979 a prime number?
True
Is 138349 a prime number?
True
Is 71999 composite?
False
Is 33081 prime?
False
Is 888857 a composite number?
False
Is 218249 prime?
True
Is 460531 a prime number?
True
Is 324943 a composite number?
True
Is 35729 prime?
True
Is 8287 a composite number?
False
Is 759893 prime?
True
Is 203 composite?
True
Is 53615 a composite number?
True
Is 2489 a composite number?
True
Is 47053 prime?
False
Is 5567 prime?
False
Is 206959 prime?
False
Is 103301 a composite number?
True
Is 19717 a prime number?
True
Is 124213 a prime number?
True
Is 20789 prime?
True
Is 4703 a composite number?
False
Is 31315 a prime number?
False
Is 171809 a prime number?
False
Is 719 prime?
True
Is 615187 a composite number?
False
Is 123659 composite?
True
Is 15689 a composite number?
True
Is 843881 a prime number?
True
Is 235091 a composite number?
False
Is 773803 composite?
False
Is 2761 a composite number?
True
Is 3959 a prime number?
False
Is 62791 composite?
False
Is 61881 composite?
True
Is 6753 prime?
False
Is 106034 composite?
True
Is 23379 a prime number?
False
Is 1073 composite?
True
Is 424523 prime?
False
Is 27019 prime?
False
Is 16721 composite?
True
Is 1657 prime?
True
Is 90757 a composite number?
True
Is 17165 a composite number?
True
Is 12763 a composite number?
False
Is 1603 a composite number?
True
Is 39707 prime?
False
Is 44579 a prime number?
True
Is 410417 a prime number?
False
Is 21961 a composite number?
False
Is 15131 composite?
False
Is 323363 a composite number?
True
Is 1934833 a prime number?
True
Is 5963 composite?
True
Is 52907 a prime number?
False
Is 30518 prime?
False
Is 557 a prime number?
True
Is 29771 a composite number?
True
Is 7583 composite?
False
Is 669 a composite number?
True
Is 543 composite?
True
Is 5141 composite?
True
Is 4765 composite?
True
Is 10399 a prime number?
True
Is 176279 composite?
True
Is 173441 a prime number?
False
Is 1371349 a prime number?
False
Is 742757 a prime number?
True
Is 59 a prime number?
True
Is 345511 a composite number?
False
Is 13381 a prime number?
True
Is 2389 composite?
False
Is 1099 composite?
True
Is 10427 composite?
False
Is 108049 composite?
True
Is 28511 a prime number?
False
Is 6635 a prime number?
False
Is 54613 prime?
False
Is 4531 prime?
False
Is 106087 prime?
True
Is 339691 composite?
True
Is 47777 prime?
True
Is 323507 prime?
True
Is 1972019 a prime number?
False
Is 175781 a composite number?
False
Is 4513 composite?
False
Is 23189 a prime number?
True
Is 890011 prime?
True
Is 507491 a prime number?
True
Is 615407 prime?
False
Is 4219 composite?
False
Is 141935 a composite number?
True
Is 30059 a prime number?
True
Is 13766 a prime number?
False
Is 50417 a prime number?
True
Is 1345 prime?
False
Is 14567 composite?
True
Is 566 prime?
False
Is 33206 prime?
False
Is 160201 a composite number?
False
Is 838 a composite number?
True
Is 45007 a composite number?
False
Is 28351 a prime number?
True
Is 9109 prime?
True
Is 623 a composite number?
True
Is 15079 a composite number?
True
Is 453781 composite?
True
Is 257933 a prime number?
False
Is 66221 a composite number?
False
Is 230801 a composite number?
True
Is 17707 a prime number?
True
Is 261094 prime?
False
Is 36373 a prime number?
True
Is 18859 a composite number?
False
Is 384707 prime?
False
Is 5207 a composite number?
True
Is 65063 a prime number?
True
Is 72859 a composite number?
False
Is 3015481 composite?
True
Is 9326 composite?
True
Is 396403 a prime number?
False
Is 1409431 prime?
False
Is 16769 a prime number?
False
Is 3570067 composite?
False
Is 225111 a composite number?
True
Is 542017 a composite number?
True
Is 58523 a prime number?
False
Is 110735 composite?
True
Is 60213 composite?
True
Is 4201 composite?
False
Is 1393 prime?
False
Is 116153 prime?
False
Is 7603 a composite number?
False
Is 105373 a prime number?
True
Is 277918 prime?
False
Is 27433 composite?
True
Is 146723 a prime number?
False
Is 39419 a prime number?
True
Is 61259 prime?
False
Is 570329 a composite number?
False
Is 120577 composite?
False
Is 425533 prime?
True
Is 1216853 a prime 